{"id":89,"date":"2015-10-29T17:06:33","date_gmt":"2015-10-29T16:06:33","guid":{"rendered":"http:\/\/smv.gymnasium-penzberg.de\/?page_id=89"},"modified":"2024-02-16T19:57:25","modified_gmt":"2024-02-16T18:57:25","slug":"start","status":"publish","type":"page","link":"https:\/\/smv.gymnasium-penzberg.de\/","title":{"rendered":"Startseite"},"content":{"rendered":"<h2>Willkommen bei der SMV!\u00a0 \u00a0 \u00a0 \u00a0 \u00a0 \u00a0 \u00a0<a href=\"https:\/\/smv.gymnasium-penzberg.de\/wp-content\/uploads\/2015\/10\/smv.png\"><img decoding=\"async\" loading=\"lazy\" class=\"size-thumbnail wp-image-97 alignright\" src=\"https:\/\/smv.gymnasium-penzberg.de\/wp-content\/uploads\/2015\/10\/smv-150x150.png\" alt=\"\" width=\"150\" height=\"150\" \/><\/a><\/h2>\n<p>Auf unserer Webseite findest Du alles Wissenswerte \u00fcber die Sch\u00fclervertretung am Gymnasium Penzberg. Schau, wer die neuen <a href=\"https:\/\/smv.gymnasium-penzberg.de\/?page_id=77\">Sch\u00fclersprecher*innen und Verbindungslehrer <\/a>sind! <!--Welche <a href=\"https:\/\/smv.gymnasium-penzberg.de\/?page_id=93\">Termine<\/a> stehen an? -->Hast Du schon die <a href=\"https:\/\/smv.gymnasium-penzberg.de\/?page_id=177\">Bilder<\/a> gesehen?<\/p>\n<p>Au\u00dferdem bleibst Du dank der \u201e<a href=\"https:\/\/smv.gymnasium-penzberg.de\/?page_id=85\">News<\/a>\u201c immer auf dem Laufenden \u00fcber unsere Aktivit\u00e4ten.<\/p>\n<p>Schau Dich um!<\/p>\n\n\n<p>&nbsp;<\/p>\n","protected":false},"excerpt":{"rendered":"<p>Willkommen bei der SMV!\u00a0 \u00a0 \u00a0 \u00a0 \u00a0 \u00a0 \u00a0 Auf unserer Webseite findest Du alles Wissenswerte \u00fcber die Sch\u00fclervertretung am Gymnasium Penzberg. Schau, wer die neuen Sch\u00fclersprecher*innen und Verbindungslehrer sind! Hast Du schon die Bilder gesehen? Au\u00dferdem bleibst Du dank der \u201eNews\u201c immer auf dem Laufenden \u00fcber unsere Aktivit\u00e4ten. Schau Dich um! &nbsp;<\/p>\n","protected":false},"author":1,"featured_media":0,"parent":0,"menu_order":0,"comment_status":"closed","ping_status":"closed","template":"","meta":[],"_links":{"self":[{"href":"https:\/\/smv.gymnasium-penzberg.de\/index.php?rest_route=\/wp\/v2\/pages\/89"}],"collection":[{"href":"https:\/\/smv.gymnasium-penzberg.de\/index.php?rest_route=\/wp\/v2\/pages"}],"about":[{"href":"https:\/\/smv.gymnasium-penzberg.de\/index.php?rest_route=\/wp\/v2\/types\/page"}],"author":[{"embeddable":true,"href":"https:\/\/smv.gymnasium-penzberg.de\/index.php?rest_route=\/wp\/v2\/users\/1"}],"replies":[{"embeddable":true,"href":"https:\/\/smv.gymnasium-penzberg.de\/index.php?rest_route=%2Fwp%2Fv2%2Fcomments&post=89"}],"version-history":[{"count":27,"href":"https:\/\/smv.gymnasium-penzberg.de\/index.php?rest_route=\/wp\/v2\/pages\/89\/revisions"}],"predecessor-version":[{"id":1212,"href":"https:\/\/smv.gymnasium-penzberg.de\/index.php?rest_route=\/wp\/v2\/pages\/89\/revisions\/1212"}],"wp:attachment":[{"href":"https:\/\/smv.gymnasium-penzberg.de\/index.php?rest_route=%2Fwp%2Fv2%2Fmedia&parent=89"}],"curies":[{"name":"wp","href":"https:\/\/api.w.org\/{rel}","templated":true}]}}